(r) a prime number?
False
Suppose -4*c - 694988 = 1842316. Is (c/72 + 4/(-16))*-3 a prime number?
True
Let q(i) = 935*i**3 + i**2 + 52*i - 473. Is q(10) prime?
True
Let h(y) = 830*y - 255. Let c be h(50). Is c/(-10)*(0 + -1)*2 composite?
True
Let j(p) = 4*p - 80. Let l be j(18). Is (614/l*-6)/((-6)/(-8)) a prime number?
False
Let c(k) = -6*k**2 + 2 + 67*k + 5 + k**2 - 96*k. Let q(i) = 6*i**2 + 28*i - 6. Let m(h) = 5*c(h) + 6*q(h). Is m(-6) a prime number?
True
Suppose 16*h + 1552524 = 8485820. Is h composite?
True
Suppose 0 = 5*y + f + 28615, -5564 = -3*y - 5*f - 22711. Let p be (-1)/(-4)*-2 + y/(-8). Let t = p - -352. Is t a prime number?
False
Let k(s) = -s**3 + 96*s**2 + 750*s - 10. Is k(103) composite?
True
Let k be -1 - (-117 - -5 - -3). Let u = 112 - k. Let m(v) = 56*v**2 + v - 13. Is m(u) a prime number?
True
Suppose -11*q = q - 738820 - 876344. Is q a composite number?
False
Let o be (-3 - 13/(-4))*(-6 - -42). Let r be (2/(-4))/((36/(-23536))/o). Let p = r - 1903. Is p prime?
True
Let a(s) = -s**2 - 1. Let k(z) = -1950*z**2 + 19*z + 3. Let q(o) = -6*a(o) - k(o). Is q(2) a prime number?
True
Let v(h) = -h**3 + 4*h**2 - 6*h + 113. Let c be v(6). Suppose 4*a = -c*w + 188475, 10*w - 3*a + 113088 = 13*w. Is w a composite number?
False
Suppose 4*z - 2*f - 32 = 4, -2*z = -2*f - 16. Let v(y) = 341*y - 25. Is v(z) a composite number?
True
Let m(a) = -25 - 2 - 62*a - 15*a - 114*a. Is m(-6) a prime number?
False
Let j(i) = -3*i**3 + 9*i**2 + i + 28. Let v(p) = -7*p**3 + 18*p**2 + 3*p + 56. Let y(x) = 9*j(x) - 4*v(x). Is y(-9) a prime number?
False
Suppose 0 = 5*u - 5 - 5. Suppose 283*b = 285*b - 2. Is 2349 + -1 + (6/u)/b a prime number?
True
Let k be 92/22 + (-38)/209. Suppose -k*t + 3*u = -2*u - 5449, -4082 = -3*t - u. Is t composite?
False
Let w = 6 - 63. Let b be (-1428)/(-17) - -4*1/(-2). Let y = w + b. Is y a prime number?
False
Let v(s) be the first derivative of 17/3*s**3 + 22 + 13*s + 0*s**2. Is v(-3) a composite number?
True
Let b(c) = c**3 - 13*c**2 - 22*c + 3. Let h(u) = -u**3 + 14*u**2 + 22*u - 4. Let m(q) = 3*b(q) + 2*h(q). Let w = -216 + 233. Is m(w) a prime number?
True
Suppose 2*d - 14053 = -k, -3*k - d + 6456 = -35698. Is k a prime number?
True
Suppose 2*d - 775134 = -5*r + 165397, 0 = -2*d - 4. Is r a prime number?
True
Suppose s = -4*h - 172 + 689, 4*s = -5*h + 660. Let c = h + 111. Is c a composite number?
False
Let x(f) = 3*f**2. Let j(s) = -45*s**2 - 8*s - 23. Let k(o) = -j(o) - 5*x(o). Is k(-4) a prime number?
False
Suppose 2922535 + 185475978 = 311*t. Is t prime?
False
Let n(h) = 182*h**2 + 9*h + 45. Let z = -324 - -320. Is n(z) a prime number?
False
Suppose -5*g + 9*g = 3*o - 53, -5*g = -4*o + 72. Suppose 0 = 3*a + 3*k - 28203, -19*k = -2*a - o*k + 18810. Is a a composite number?
False
Suppose -5*s = -7*d + 9*d + 159575, 0 = d + 5. Let f = s + 52229. Suppose -f = -6*v - 6*v. Is v a composite number?
False
Let u = -52 + 54. Suppose -q + 3*z - 5 + 2 = 0, 2 = -q + u*z. Suppose 4*l - 17538 = -2*f, 2*l + q*f - 8773 = 3*f. Is l composite?
True
Let h = 86327 - 4260. Is h composite?
False
Let f be (-14)/(-4) + 6/4 + -1. Suppose 0 = f*o - 152 - 8468. Is o a composite number?
True
Suppose -21*d + 117*d - 40*d - 11277560 = 0. Is d a composite number?
True
Suppose -13*x + 16 = -9*x. Suppose -4*d + 1557 = x*g - g, -2*g = -2*d - 1038. Is g composite?
True
Let w(u) be the second derivative of -u**5/20 - 23*u**4/12 + 73*u**3/6 + 31*u**2/2 + 123*u. Is w(-32) prime?
True
Let b = 352 + -352. Suppose b = -12*k + 11*k + 5091. Is k a prime number?
False
Let d(i) = 1587*i + 22. Is d(3) composite?
False
Let s = -170 - -168. Is (2/(s/2503))/(-1) composite?
False
Suppose -y - 432 = 2282. Let x = y + 6307. Is x a composite number?
False
Let s = -99175 + 521958. Is s a composite number?
True
Suppose 0 = -2*p + 2*k + 18, 3*p + 0*k - 25 = 2*k. Let r(z) = -z**2 - z + 1. Let o(w) = -17*w**2 - 14*w + 3. Let v(u) = -o(u) + 3*r(u). Is v(p) composite?
True
Let w be (-20)/(-6)*(-54)/(-4). Is (-36)/w - (-56278)/10 a composite number?
True
Is 1/(-3)*(-106478 + 24 - (-5 + -6)) prime?
False
Let u(q) = 510*q + 9. Let b(t) = -2*t + 2. Let c(o) = -2*b(o) + u(o). Is c(7) prime?
False
Is 18/(54/67175) - (-2)/(-3) composite?
False
Suppose 0 = 29*q - 4*q - 75975. Let f = q - -2432. Is f a prime number?
True
Suppose -4*x + x - w - 1 = 0, -w - 1 = 5*x. Suppose 0 = -4*s - x*r - r + 1292, 0 = 5*s + 3*r - 1608. Let b = 735 + s. Is b a prime number?
False
Suppose 2*p + 0*p = -32324. Let g = -5913 - p. Is g a composite number?
True
Suppose k - 4882 - 4767 = 5*m, 4*k + m = 38554. Let f = -6852 + k. Is f prime?
False
Let t be ((-8)/24)/((-3)/657). Let n = 74 - t. Is (-787)/(n - 20/15) a composite number?
True
Suppose 2*o - 5*v - 49 = 0, -6*o = -2*o + 5*v - 23. Is o/(-21) - (-38511)/7 a composite number?
False
Suppose 0 = 32*k - 33*k + 72613. Is k a prime number?
True
Let f(y) = 38114*y + 195. Is f(4) prime?
False
Let k = 174272 + -97035. Is k composite?
False
Let t(i) = -i**2 - i. Let l be t(-4). Let g = l + 24. Is (3237/g)/(-2*(-2)/16) composite?
True
Let n = 533122 + -146375. Is n a composite number?
False
Let p = -191991 + 345808. Is p composite?
False
Let r(s) = 130811*s**2. Is r(-1) composite?
False
Let x(k) = 21*k**2 - 8*k - 10. Let b be x(-7). Let v = 1707 - b. Let q = -186 + v. Is q a composite number?
True
Let c(s) = 174*s - 6407. Is c(156) composite?
True
Let j(y) = 113*y**3 - 4*y**2 + 5*y + 7. Let o be ((-66)/(-90) + 2/(-5))*18. Suppose 0 = -0*n + 2*n + 4*h + o, 6 = -n - 3*h. Is j(n) a composite number?
False
Suppose 6*a - 24 = -4*f + 2*a, -3*f - 2*a = -16. Suppose 0 = -5*h - 3*g + 22, -f*h = -9*h + g + 6. Is (-5)/(-10) + 421/h composite?
False
Let g = -292 + 486. Let j = g + -27. Is j a prime number?
True
Is -144572*(8 + 37/(-4) + 1) a composite number?
True
Suppose -2*a = -2, 2*a = 4*i - 0 + 50. Let y(w) = 3*w**2 + 21*w + 43. Is y(i) prime?
True
Let k(r) = -2*r**3 - 3*r**2 + 5*r - 4. Suppose -2*j + 5 = -5*y - 5, j - 5*y = 15. Let i be k(j). Suppose i + 2244 = 2*o. Is o composite?
True
Suppose -5*k = 5*t - 1056010, 1056010 = 6*k - k - 2*t. Is k a composite number?
True
Suppose -4*v = -5*v + 17. Suppose -5*x - 2*r + v = -21, 4*x + 5*r - 44 = 0. Is ((-14)/x)/(6/(-18)) composite?
False
Suppose 27*u = 6 + 48. Suppose -5142 = -u*o - 21*n + 17*n, 0 = 4*o + 4*n - 10288. Is o prime?
False
Let u = 55 - 55. Let p(v) = -2*v + 5. Let t be p(u). Let w(b) = 7*b**2 - 5*b - 11. Is w(t) prime?
True
Suppose 12830 = -39*m + 44*m. Suppose -4034 = 4*r + 1386. Let u = m + r. Is u composite?
True
Suppose 4*w = 5*z - 84, 2*z + 0*z - 37 = 5*w. Let m(q) = 12*q**2 + 4*q + 133. Is m(z) composite?
True
Is (757465/394)/(5/6) a prime number?
False
Suppose -23*j - 17094 = 10*j. Let s(g) = -49*g - 4. Let n be s(5). Let a = n - j. Is a composite?
False
Suppose m = -3*t + 74948, 3*t - 5*t - 374825 = -5*m. Is m a composite number?
True
Let y be -12 - (-14 + -10) - 12. Let w = -4658 + 8647. Suppose 0 = -f + 5*s + 869 - 52, -5*f + s + w = y. Is f composite?
False
Let k(b) = -17309*b + 1732. Is k(-9) a prime number?
True
Suppose 321110 = 25*f - 454740. Suppose -39*w + 22045 = -f. Is w a prime number?
True
Let x = -56 - -66. Is 22604/60*23 - x/(-75) a composite number?
True
Suppose 0 = 4*z - 4*c - 499220, 154544 = -4*z - 3*c + 653792. Is z a composite number?
True
Suppose -245729 = -85*d + 74*d. Is d composite?
True
Suppose 176*l - 3*g - 88705 = 174*l, 5*l - 5*g = 221760. Is l a prime number?
True
Let h = -61727 + 197740. Is h composite?
False
Suppose 3*g = -6, -4*g = 2*t + 10 - 104. Let q = 60 - t. Let y(z) = 2*z**2 - 2*z - 38. Is y(q) a composite number?
True
Suppose 7531 = -x + n - 4*n, 15070 = -2*x + 2*n. Let t = x - -10697. Is t a prime number?
True
Suppose -9 = -3*h - 3*z, -5*z + 21 = 4*h + 9. Suppose -h*m - 20 = m, -2*t = -3*m - 1045. Suppose k = 414 + t. Is k prime?
True
Suppose -278*u + 272*u = -2836470. Is u/140 + 1/4 a composite number?
True
Let b = -6518 - -20719. Suppose 5*n - b = -1046. Is n a composite number?
True
Suppose -2*a - 2*a = 8. Let k(w) = w**3 + 8*w**2 + 17*w - 4. Let g be k(-3). Is 1/a - 8395/g*1 a prime number?
True
Let m = 51 + -38. Suppose m = 4*j - 5*a, -2 = j + 4*a - 0*a. Suppose j*z = 3*f - 7*f + 958, 3*f = z - 499. Is z prime?
True
Let y be 6/(-14) + 21/49. Suppose y